Let g = 31767 + -31766. What is the highest common divisor of m and g?
1
Suppose 2*j - 1104 = 4*w, -6*w = -9*w - 6. Suppose -2*i = j - 656. Calculate the greatest common divisor of i and 2.
2
Suppose -x = -0*x - 15*x + 1988. Calculate the highest common factor of x and 10366.
142
Let c be 168/4 + (1 - -2). Let o = c + -46. Let a = o + 4. What is the highest common factor of a and 3?
3
Let p be 77/(-7) + 8 - -4. Let g(q) = 7*q - 1. Let x(s) = s + 11. Let z be x(-10). Let h be g(z). Calculate the highest common divisor of p and h.
1
Let k = -12220 + 12231. Suppose 5*n - s = -8, -3*n + 5*s - 1 + 5 = 0. Let x = n - -3. What is the highest common divisor of x and k?
1
Suppose 5*s - 2*o - 3*o = 10, 0 = o - 3. Suppose -51*r = -4*r + 59267. Let h = r + 1346. Calculate the greatest common factor of s and h.
5
Let d = 60 - 43. Let q = -158 + 162. Suppose -y = -3*i + 52, -q*i - 36 = -6*i + 2*y. What is the greatest common factor of i and d?
17
Let j be -457 + (3 - 4) + 3. Let z = j + 675. What is the greatest common factor of 80 and z?
20
Let t(z) = -z**3 + 13*z**2 - 5*z + 30. Let k be t(11). Let i = k - 204. Calculate the greatest common factor of i and 104.
13
Suppose 0 = -3*w + 1208 + 3922. Suppose 30*i - 40*i + w = 0. What is the highest common divisor of 228 and i?
57
Suppose 7198*d = 7206*d - 2632. Calculate the highest common factor of d and 7.
7
Let k(s) = s**3 - 4*s**2 + 4*s + 6. Suppose -7 = 8*h - 31. Let n be k(h). Calculate the highest common factor of n and 36.
9
Let j(p) = -546*p - 16372. Let v be j(-30). Calculate the highest common divisor of v and 4252.
4
Let j be (87/12 + -7)*-2 + (-1485)/(-6). Calculate the greatest common divisor of 703 and j.
19
Let v be 86 + 1 - 2814/134. Suppose -4*x + 4*n = -148, 5*x - x = n + 136. Calculate the greatest common factor of x and v.
33
Let j be -2 + 6 - (13638/15)/(20/(-50)). Calculate the greatest common factor of 264 and j.
33
Suppose 85*g = 41 + 1234. Calculate the highest common factor of g and 405.
15
Let m(q) = -q**3 + 13*q**2 - 5*q - 10. Let j be m(10). Let n = 1427 - 1331. What is the greatest common divisor of n and j?
48
Let s(g) = g**2 + 793*g + 4739. Let b be s(-6). Let x(i) = -4*i - 3. Let k be x(-5). What is the greatest common divisor of k and b?
17
Let q be ((-1242)/115)/(-18) - 412/(-5). Calculate the greatest common factor of q and 6723.
83
Suppose 0 = -14*f + 12*f - 28. Let z(q) = -30*q + 31. Let a be z(f). What is the highest common divisor of 41 and a?
41
Let z be ((-48)/10)/(-3*(12 - 1795/150)). What is the greatest common divisor of z and 3216?
48
Suppose 66 = 3*u - 2*p + 3*p, 2*p + 15 = u. Let f be (-51984)/(-360) - (-117)/45. Calculate the greatest common divisor of u and f.
21
Let a be -10*(7 - (6 - -13))/1. What is the highest common factor of 2760 and a?
120
Let x be 12*(-20)/45*(3 - 27615/28). Calculate the greatest common divisor of 152 and x.
76
Suppose -358 = -11*q - 50 + 209. Calculate the greatest common factor of 2491 and q.
47
Suppose -5*v + 7*t = -1748, -4*v - 4*t + 1509 = 101. Let a be 1/((-1)/(-12 - 1)). Calculate the highest common factor of v and a.
13
Let c = 1118 + -962. Calculate the highest common divisor of c and 663.
39
Let a be (9 + (-3213)/45)/((-182)/45 - -4). Calculate the highest common divisor of a and 1300.
52
Suppose 0 = 9*t - 0*t - 19845. Suppose -t = 53*f - 58*f. Calculate the greatest common factor of f and 9.
9
Let l be -24 + (16210 - (-4)/(-2)). What is the highest common factor of 112 and l?
56
Let l be (3060/(-150))/(2/(-25)) + 5. Suppose 800*c + l = 804*c. What is the highest common factor of c and 65?
65
Let n be ((-1243)/22 - -15)*(-2 + 2 + -2). Calculate the greatest common divisor of n and 581.
83
Suppose 3 = -2*a - 17. Let k(i) = -i**2 - 21*i + 8. Let z be k(a). Calculate the greatest common divisor of 295 and z.
59
Let a(u) = u**2 - u - 6. Let b be a(5). Let d = 42 + -19. Suppose -3*g + 128 = d. What is the greatest common divisor of b and g?
7
Suppose -1112*l + 1114*l - 420 = 0. What is the highest common factor of 50 and l?
10
Let t be (-102)/10*(-205 - -27 - 22). What is the highest common factor of 270 and t?
30
Suppose -4*r - 3*k = -360, -2*k + 176 = -5*r + 626. Calculate the highest common factor of 1510 and r.
10
Let i be ((-30)/(-54))/(12/32292). What is the highest common factor of 20 and i?
5
Suppose 5*i - 5*t = 61115, 7*t - 4*t = i - 12205. Calculate the greatest common factor of 33 and i.
11
Let s(a) = 6*a - 8. Let w be s(12). Let o = 86 + w. Suppose 4*u = -3*i + 168, -3*i = -4*i + 4*u + 72. What is the greatest common factor of o and i?
30
Let m(c) = -3*c + 288. Let t be m(-12). Calculate the greatest common divisor of t and 288.
36
Suppose 4*c + 5*g - 4*g = 197, -5*g + 169 = 3*c. Let a = c - -87. Suppose -53 = -12*r - 42 + 169. What is the highest common factor of r and a?
15
Let f be (-11 + 14)/(3 + 9/(-4)). Suppose -3*a + 3*k + 40 = 7*k, a = 3*k - f. Let m = 6 + 2. What is the highest common factor of a and m?
8
Let y(k) = -k**2 - 5*k - 2. Let i be y(-4). Suppose -i*n + g = -443, 2*n + 3*g = 418 + 37. Let x = n - 133. What is the greatest common divisor of x and 18?
18
Let m(d) = 6*d**2 + 35*d - 22. Let f be m(-10). Calculate the greatest common divisor of 1216 and f.
76
Suppose 0 = -2*r - 2*b + 67 + 193, 4*r - 5*b = 565. What is the highest common divisor of 60 and r?
15
Let c(v) = 43*v**2 - 37*v + 49. Let r be c(27). Calculate the greatest common factor of 269 and r.
269
Let x(c) = -47*c + 21. Suppose 20*i = 14*i - 30. Let n be x(i). Suppose -16*b + 14*b = -n. What is the greatest common factor of 32 and b?
32
Let q(c) = 23*c**2 - 220*c + 1085. Let r be q(5). Suppose -50 = -5*j - 4*y, -5*y = -2*j - 5 + 58. Calculate the highest common divisor of j and r.
14
Let x be (9 - 9)/(2 + -3). Suppose -13*j + 171 + 882 = x. Calculate the highest common divisor of 12 and j.
3
Let r(c) = 110*c + 3820. Let m be r(-33). Calculate the greatest common divisor of 630 and m.
10
Let s(a) = -a**3 + 10*a**2 - 16*a - 12. Let x be (-4 - -16)*3/(-1 - -7). Let n be s(x). Calculate the greatest common factor of n and 156.
12
Let s be (485/(-3))/((-310)/1116). What is the highest common divisor of s and 12?
6
Let r(d) be the second derivative of 11*d - 1/3*d**3 + 1/20*d**5 + 2*d**2 + 0 + 1/3*d**4. Let v be r(-4). What is the greatest common divisor of v and 12?
12
Suppose 5*w = -4*t + 297 - 82, 125 = 2*t - w. What is the greatest common factor of 10380 and t?
60
Suppose -112*w + 135*w + 225*w - 33728 = 0. What is the highest common divisor of w and 17272?
136
Suppose -3*o + 322 = -3*f + 2*f, 2*f = 3*o - 320. Let d(w) = -450*w + 121. Let m be d(2). Let g = m + 791. What is the highest common divisor of o and g?
12
Suppose 0 = 32*a - 49*a + 544. Calculate the greatest common factor of a and 56.
8
Suppose 1134 = -22*k + 29*k. Suppose 0 = -5*z + q + 2*q - 695, 4*q = -z - k. Let a = z + 144. Calculate the highest common factor of 2 and a.
2
Let z(w) = w**2 + 100. Let d be z(0). Suppose -317*a + 323*a + 378 = 0. Let j = a - -83. What is the highest common divisor of d and j?
20
Suppose 3*k + 19 = 2*w - 3, 0 = -3*w - k + 33. Let i(t) = -5*t + 23. Let n be i(-11). Let q = -1 + n. Calculate the greatest common divisor of w and q.
11
Suppose d - 4*v = 316, -d + 2*v = -3*v - 323. What is the greatest common divisor of d and 9?
9
Suppose 22*w = 28*w. Suppose w = -26*c + 43*c - 952. What is the greatest common divisor of c and 70?
14
Let g(k) = 28*k**2 - 11*k**2 - 12*k**2 - 6*k**2 - 47 + 28*k. Let c be g(23). What is the highest common factor of c and 4?
4
Suppose 0 = 325*q - 1452 - 3748. What is the greatest common factor of q and 964?
4
Suppose -5*j + 66*q + 40 = 68*q, 8 = j + 2*q. What is the highest common divisor of j and 2344?
8
Let k(g) = -g - 17. Let b be k(7). Let i = -24 - b. Suppose -5*l + 9 + 26 = i. Calculate the greatest common divisor of 1 and l.
1
Suppose -35*i + 358 = -272. Calculate the highest common factor of i and 24.
6
Let y = 1916 + -584. What is the highest common factor of 96 and y?
12
Suppose 8*l = -11*l + 475. Let n be (-2)/(-6) - (-406)/42. What is the highest common factor of l and n?
5
Suppose x - 61 = -0*b - 4*b, -3*b + 57 = 3*x. Suppose -38*n + b = -37*n. Let w(s) = -14*s - 7. Let c be w(-3). What is the highest commo